/(-40)?
3
Let m = 1100 - 1089. What is the remainder when 152 is divided by m?
9
Let v = -77 + 42. Let r = v + 39. Suppose r*p + 0*p - 64 = 0. What is the remainder when p is divided by 3?
1
Suppose 105*y = 11524 + 21026. Calculate the remainder when y is divided by 6.
4
What is the remainder when (0 + 552)*((-68)/255)/(4/(-20)) is divided by 403?
333
Suppose q + 187 = 2*j + 2*q, j - 94 = -q. Suppose 3*p - 41 = 2*p + 3*n, 0 = 3*p - 3*n - j. Calculate the remainder when p is divided by 5.
1
Suppose 28 - 24 = 4*m. What is the remainder when 46 is divided by 42/12*(m + 3)?
4
What is the remainder when -2 + 0 + (-31932)/(-36) is divided by 56?
45
Suppose 9*a = 2*b + 10*a - 81, 118 = 3*b + 5*a. Calculate the remainder when b is divided by 26.
15
Suppose -i = -3*t - 871, -4*i + 9*i + 5*t = 4275. Suppose -7*v + i - 61 = 0. Calculate the remainder when v is divided by 32.
18
What is the remainder when (-546460)/(-3916) + (-12)/22 is divided by (186/4)/((-6)/(-8))?
15
Let s = -238 + 316. What is the remainder when 109 is divided by s?
31
Suppose 2*q = 5*o - 484, 5*q - 368 - 137 = -5*o. Let y = o - 54. Calculate the remainder when y is divided by -33*(-3)/(-9) - -26.
14
Suppose 16*p - 477 = 13*p. Let r = p + -139. Calculate the remainder when 159 is divided by r.
19
Let j = -4836 - -4854. Let s(k) = -k**2 + 5*k - 4. Let x be s(3). Suppose 3*g + 81 = u, 3*u + x*g + 23 = 222. What is the remainder when u is divided by j?
15
Let n = -62 - -1048. Calculate the remainder when n/9 - -2*2/9 is divided by 8.
6
Suppose 0 = 2*y + 3*y - 3*o - 98, 5*y + o = 114. Suppose -y = -2*u - 0. Let n = 1532 - 1491. Calculate the remainder when n is divided by u.
8
Suppose 30 = -2*c + 38, 3*w + 4*c - 14221 = 0. Calculate the remainder when w is divided by 32.
31
Let l(y) = 270*y - 3210. What is the remainder when 958 is divided by l(12)?
28
Suppose 65*o + 32*o - 1746 = 0. Suppose -2*b = -8, -3*v = -5*v + b + 304. Suppose -4*w = -v - 118. What is the remainder when w is divided by o?
14
Suppose -23*i + 286 = 10. Suppose i*a + 1935 = 15*a. Calculate the remainder when a is divided by 34.
33
Let t(i) = 2*i**2 + 13*i - 51. Let q be t(3). Suppose 0 = -q*p + 9*p - 108. Calculate the remainder when 93 is divided by p.
21
Let y(o) = o + 9. Let t(l) = -2*l - 9. Let x(u) = 3*t(u) + 4*y(u). Let h(k) = -k + 3. What is the remainder when x(3) is divided by h(2)?
0
Let q = 0 - 0. Suppose 2*j - 48 = -q*j. What is the remainder when j is divided by ((65/(-3))/(-5) + (20 - 20))*3?
11
Let r(j) = -48*j**2 - 3504*j + 54. What is the remainder when 732 is divided by r(-73)?
30
Calculate the remainder when (207 + -6)*124*(-3)/(-12) is divided by 76.
75
Let l = -398 - -401. Let o(b) = 7*b**2 - 4*b + 4. What is the remainder when o(l) is divided by 15?
10
Let g(t) = -t**3 + t**2 + 21*t + 4. Let p be (-58)/(-12) + -6*7/(-252). Calculate the remainder when 15 is divided by g(p).
6
Suppose -2*h = -t + 792, 3*t = 12*h - 9*h + 2373. Calculate the remainder when t is divided by 38.
30
Let f(k) = k**2 + 20*k + 50. Let w be f(-37). Suppose 2*a + 2*o = 500, 2*a - 2*o + 163 - w = 0. What is the remainder when a is divided by 16?
14
Suppose -2*a + 2 = -0*a. Calculate the remainder when (-2)/(-24)*26 + 9/(-54) is divided by a.
0
Calculate the remainder when (686/(-3))/(-7)*(21 - 3) is divided by 4.
0
Let t be (-2*1*-1)/((-7)/(-14)). Let h(a) = -1 - 2*a**3 - 80*a - 6*a**2 + a**2 + t*a**2 + 78*a. Calculate the remainder when h(-4) is divided by 20.
19
Suppose 11 = c - 30. Suppose 0 = -1118*r + 59465 + 5379. What is the remainder when r is divided by c?
17
Let l be (4/(-10))/((-47)/(-59220)). Let a = 515 + l. Calculate the remainder when 45 is divided by a.
1
Let a(m) = 63*m + 189. Let i be a(5). Let y = i + -461. Let v = 270 - 143. Calculate the remainder when v is divided by y.
41
Calculate the remainder when (1 - 0 - -98) + 4/(32/40) is divided by 8.
0
Let z = -56 + 56. Let d be (1 + -2)*(z - (23 + -2)). Suppose -16*c = -d*c + 70. What is the remainder when 54 is divided by c?
12
Let r = -22 - -109. Let i = -87 + r. Suppose i = -3*n + 17*n - 1512. What is the remainder when n is divided by 28?
24
Let j = 20 + 42. Let o be (-137)/4 + (-6)/(-24). Let y = 50 + o. Calculate the remainder when j is divided by y.
14
Let z = -1960 - -1963. Calculate the remainder when 152 is divided by z.
2
Let u = 405 - 405. Suppose 8 = 4*c - u, -2*f + c = -280. Calculate the remainder when f is divided by 29.
25
Let o = -523 - -563. Calculate the remainder when 55 is divided by 10/(((-75)/o)/(-3)).
7
Calculate the remainder when 200 is divided by ((-325)/(-130))/((-5)/(-104)).
44
Let t(b) = -b**3 - 5*b**2 + 12*b - 1. Let a(l) = 2*l - 15. Let q be a(5). Let z be t(q). Let n = z + 80. What is the remainder when n is divided by 4?
3
What is the remainder when 1230 is divided by (409/4)/((1/7)/((-120)/(-210)))?
3
Let x = -15794 - -17217. What is the remainder when x is divided by 95?
93
Suppose 0 = -r - 3 + 7. Let i be 28*((-10)/14 + 1). What is the remainder when r is divided by i - (-8)/(48/(-30))?
1
Suppose -4*y = 126 - 574. Suppose -y = -4*q + 2*c, q + 0*c - 27 = c. What is the remainder when 230 is divided by q?
27
Let i = 139 + -314. Let d be (-14)/(-4)*(-500)/i. Let m(c) = 5*c - 44. What is the remainder when 87 is divided by m(d)?
3
Let f = -20985 + 21873. Calculate the remainder when f is divided by 100.
88
Let b(i) = -11*i + 692. Calculate the remainder when b(32) is divided by 69.
64
Let d(o) be the second derivative of -o**4/12 - 2*o**3/3 + o**2/2 + 10*o - 3. Calculate the remainder when 23 is divided by d(-4).
0
Calculate the remainder when 154590/420 + ((-1)/14)/1 is divided by 12.
8
Let n = 118 - 101. Calculate the remainder when (0 - -1)/(1/n*1) is divided by 3.
2
Let k = -63 + 63. Suppose 2*r = 2*m + 126, -5*m = r - k*r - 45. Let d = 175 - r. Calculate the remainder when d is divided by 30.
25
Let h(w) = -382*w + 8000. Calculate the remainder when 1086 is divided by h(20).
6
Suppose 0 = -37*h + 32*h - 400. Let y = h + 70. Calculate the remainder when ((-26)/3)/(y/15) is divided by 6.
1
Suppose 0 = -3*i + 1040 - 203. Suppose i*c = 281*c - 68. What is the remainder when 304 is divided by c?
32
What is the remainder when (-161)/(-23) - (-3 - 7658) is divided by 56?
52
Calculate the remainder when 123 is divided by 3 + 16419/143 + (-14)/(-77).
5
Let m be -9 + 10 - 3/6*0. Suppose 51 = -3*f - 3*u, -3*f + 6*u = 2*u + 44. What is the remainder when 35 is divided by (8/f)/(m/(-12))?
5
Let y be ((-5)/(-4) - 2)*-16. What is the remainder when 237 is divided by 80/(-15)*(-135)/y?
57
Suppose 2*k - 5*r - 49 = 0, -5*k + 122*r + 21 = 124*r. What is the remainder when 17 is divided by k?
3
Let f be (-52)/26 - (-1 - 21). Suppose 2*y - 5*l - f = 3, -4*l - 66 = -5*y. What is the remainder when 38 is divided by y?
10
Calculate the remainder when 2495 is divided by 123/5 - (832/(-130))/(-4).
11
Let c = 101 + -91. Let p(g) = 7*g**2 - 2*g + 1. Let y be 2 + 1 + -2 - -2. Calculate the remainder when p(y) is divided by c.
8
Let u = 7206 + 2064. Calculate the remainder when u is divided by 76.
74
Let b = -112 - -334. Let v = 342 - b. Calculate the remainder when v is divided by 13.
3
What is the remainder when -13 + (10650/60)/((-10)/(-4)) is divided by 42?
16
Suppose 1634 = 2*m - 3*q, 5*q + 1638 = -m + 3*m. Calculate the remainder when m is divided by 68.
66
Let n = 402 - 384. Let d = 175 - -20. What is the remainder when d is divided by n?
15
Suppose -5*p - 2*k = -1 - 2, 2*k = 3*p + 11. Suppose -944*f + 498*f + 3568 = 0. What is the remainder when 1/(p*(-2)/58) is divided by f?
5
Let b be (-69)/(-15) - 16/(-40). Suppose -s + 4*w = -9, 3*w = -2*s + b*w + 36. What is the remainder when 1217 is divided by s?
20
Suppose t - 5*h = -2 - 18, 4*h + 16 = 0. Let y = t - -38. Let p(z) = -2*z**3 - 4*z**2 - 3*z + 2. What is the remainder when 15 is divided by p(y)?
7
Suppose 5*z = -v + 5, 4*z + 4*v + 8 = -4. What is the remainder when 123 is divided by (z*3)/((-360)/(-1320))?
13
Let h(u) = 5*u + 15. Let f be h(-5). Let l(x) = -7*x + 60. What is the remainder when l(f) is divided by 19?
16
Calculate the remainder when 70/(-5 + 19) + (-996)/(-2) is divided by 47.
33
Let f be (0 - 0) + 2 + -5. Let u = 1 - f. Suppose u*g + 7 = 151. What is the remainder whe